{"id":833,"date":"2024-01-08T00:03:14","date_gmt":"2024-01-08T00:03:14","guid":{"rendered":"https:\/\/pardonegocios.com\/web\/?page_id=833"},"modified":"2024-01-08T00:06:01","modified_gmt":"2024-01-08T00:06:01","slug":"casi-adulto","status":"publish","type":"page","link":"https:\/\/pardonegocios.com\/web\/casi-adulto\/","title":{"rendered":"Casi adulto"},"content":{"rendered":"\n<div style=\"height:55px\" aria-hidden=\"true\" class=\"wp-block-spacer\"><\/div>\n\n\n\n<h2 class=\"wp-block-heading\">Juli\u00e1n Bellese &#8211; Casi adulto<\/h2>\n\n\n\n<div style=\"height:70px\" aria-hidden=\"true\" class=\"wp-block-spacer\"><\/div>\n\n\n\n<div class=\"wp-block-columns is-layout-flex wp-container-core-columns-is-layout-28f84493 wp-block-columns-is-layout-flex\">\n<div class=\"wp-block-column is-layout-flow wp-block-column-is-layout-flow\" style=\"flex-basis:100%\">\n<div class=\"wp-block-buttons is-layout-flex wp-block-buttons-is-layout-flex\">\n<div class=\"wp-block-button aligncenter\"><a class=\"wp-block-button__link wp-element-button\" href=\"https:\/\/ventas.autoentrada.com\/events\/julian-bellese-casi-adulto-1\" target=\"_blank\" rel=\"noreferrer noopener\">Compr\u00e1 tus entradas aqu\u00ed<\/a><\/div>\n<\/div>\n<\/div>\n<\/div>\n\n\n\n<div style=\"height:70px\" aria-hidden=\"true\" class=\"wp-block-spacer\"><\/div>\n\n\n\n<figure class=\"wp-block-image alignwide size-large icono_bump box_opacity_animate\"><a href=\"https:\/\/pardonegocios.com\/web\/wp-content\/uploads\/2024\/01\/Ticketera_1200x630.jpg\"><img fetchpriority=\"high\" decoding=\"async\" width=\"1024\" height=\"538\" src=\"https:\/\/pardonegocios.com\/web\/wp-content\/uploads\/2024\/01\/Ticketera_1200x630-1024x538.jpg\" alt=\"\" class=\"wp-image-834\" srcset=\"https:\/\/pardonegocios.com\/web\/wp-content\/uploads\/2024\/01\/Ticketera_1200x630-1024x538.jpg 1024w, https:\/\/pardonegocios.com\/web\/wp-content\/uploads\/2024\/01\/Ticketera_1200x630-300x158.jpg 300w, https:\/\/pardonegocios.com\/web\/wp-content\/uploads\/2024\/01\/Ticketera_1200x630-768x403.jpg 768w, https:\/\/pardonegocios.com\/web\/wp-content\/uploads\/2024\/01\/Ticketera_1200x630.jpg 1200w\" sizes=\"(max-width: 1024px) 100vw, 1024px\" \/><\/a><\/figure>\n\n\n\n<div style=\"height:70px\" aria-hidden=\"true\" class=\"wp-block-spacer\"><\/div>\n\n\n\n<div class=\"wp-block-columns is-layout-flex wp-container-core-columns-is-layout-28f84493 wp-block-columns-is-layout-flex\">\n<div class=\"wp-block-column is-layout-flow wp-block-column-is-layout-flow\">\n<h3 class=\"wp-block-heading\">JULIAN BELLESE &#8211; CASI ADULTO<\/h3>\n\n\n\n<p>Martes 26 Diciembre 2023 al Mi\u00e9rcoles 21 Febrero 2024, 22:00<\/p>\n\n\n\n<p>Teatro Libertad, Avda Libertad 70, Villa Carlos Paz, C\u00f3rdoba, Argentina<\/p>\n\n\n\n<hr class=\"wp-block-separator has-alpha-channel-opacity\"\/>\n\n\n\n<p>Menores de edad abonan entrada a partir de los 6 a\u00f1os inclusive.\u00a0<br>De 1 a 5 a\u00f1os no abonan pero no pueden ocupar butaca, deben sentarse en la falda \u00a0del adulto.\u00a0<\/p>\n<\/div>\n\n\n\n<div class=\"wp-block-column is-layout-flow wp-block-column-is-layout-flow\">\n<p>Juli Bellese, a sus 30 a\u00f1os, llega con su unipersonal \u201cCasi Adulto\u201d. Un show en donde a veces ni \u00e9l sabe lo qu\u00e9 pasa. Durante una hora y media, van a recorrer momentos y recuerdos de su infancia y adolescencia, y hasta personajes.<\/p>\n\n\n\n<p>La pregunta es: \u00bfEst\u00e1n listos para la experiencia Casi Adulto?\u00a0<\/p>\n\n\n\n<p>Pueden mirar un poco de lo qu\u00e9 pasa en los shows en sus redes sociales\u00a0<\/p>\n\n\n\n<p>Ig:\u00a0<a href=\"https:\/\/www.instagram.com\/julibellese\/\" target=\"_blank\" rel=\"noreferrer noopener\">@julibellese<\/a><\/p>\n\n\n\n<p>TikTok:\u00a0<a href=\"https:\/\/www.tiktok.com\/@julianbellese?lang=es\" target=\"_blank\" rel=\"noreferrer noopener\">@julianbellese<\/a><\/p>\n\n\n\n<p><strong>Youtube:\u00a0<\/strong><a href=\"https:\/\/www.youtube.com\/c\/JulianBellese\" target=\"_blank\" rel=\"noreferrer noopener\">Julian Bellese<\/a><\/p>\n<\/div>\n<\/div>\n\n\n\n<div class=\"wp-block-columns is-layout-flex wp-container-core-columns-is-layout-28f84493 wp-block-columns-is-layout-flex\">\n<div class=\"wp-block-column is-layout-flow wp-block-column-is-layout-flow\" style=\"flex-basis:100%\">\n<div class=\"wp-block-buttons is-layout-flex wp-block-buttons-is-layout-flex\">\n<div class=\"wp-block-button aligncenter\"><a class=\"wp-block-button__link wp-element-button\" href=\"https:\/\/ventas.autoentrada.com\/events\/julian-bellese-casi-adulto-1\" target=\"_blank\" rel=\"noreferrer noopener\">Compr\u00e1 tus entradas aqu\u00ed<\/a><\/div>\n<\/div>\n<\/div>\n<\/div>\n\n\n\n<div style=\"height:100px\" aria-hidden=\"true\" class=\"wp-block-spacer\"><\/div>\n","protected":false},"excerpt":{"rendered":"<p>Juli\u00e1n Bellese &#8211; Casi adulto JULIAN BELLESE &#8211; CASI ADULTO Martes 26 Diciembre 2023 al Mi\u00e9rcoles 21 Febrero 2024, 22:00 Teatro Libertad, Avda Libertad 70, Villa Carlos Paz, C\u00f3rdoba, Argentina Menores de edad abonan entrada a partir de los 6 a\u00f1os inclusive.\u00a0De 1 a 5 a\u00f1os no abonan pero no pueden ocupar butaca, deben sentarse [&hellip;]<\/p>\n","protected":false},"author":2,"featured_media":0,"parent":0,"menu_order":0,"comment_status":"closed","ping_status":"closed","template":"elementor_header_footer","meta":{"site-sidebar-layout":"default","site-content-layout":"","ast-site-content-layout":"default","site-content-style":"default","site-sidebar-style":"default","ast-global-header-display":"","ast-banner-title-visibility":"","ast-main-header-display":"","ast-hfb-above-header-display":"","ast-hfb-below-header-display":"","ast-hfb-mobile-header-display":"","site-post-title":"","ast-breadcrumbs-content":"","ast-featured-img":"","footer-sml-layout":"","ast-disable-related-posts":"","theme-transparent-header-meta":"","adv-header-id-meta":"","stick-header-meta":"","header-above-stick-meta":"","header-main-stick-meta":"","header-below-stick-meta":"","astra-migrate-meta-layouts":"default","ast-page-background-enabled":"default","ast-page-background-meta":{"desktop":{"background-color":"var(--ast-global-color-4)","background-image":"","background-repeat":"repeat","background-position":"center center","background-size":"auto","background-attachment":"scroll","background-type":"","background-media":"","overlay-type":"","overlay-color":"","overlay-opacity":"","overlay-gradient":""},"tablet":{"background-color":"","background-image":"","background-repeat":"repeat","background-position":"center center","background-size":"auto","background-attachment":"scroll","background-type":"","background-media":"","overlay-type":"","overlay-color":"","overlay-opacity":"","overlay-gradient":""},"mobile":{"background-color":"","background-image":"","background-repeat":"repeat","background-position":"center center","background-size":"auto","background-attachment":"scroll","background-type":"","background-media":"","overlay-type":"","overlay-color":"","overlay-opacity":"","overlay-gradient":""}},"ast-content-background-meta":{"desktop":{"background-color":"var(--ast-global-color-5)","background-image":"","background-repeat":"repeat","background-position":"center center","background-size":"auto","background-attachment":"scroll","background-type":"","background-media":"","overlay-type":"","overlay-color":"","overlay-opacity":"","overlay-gradient":""},"tablet":{"background-color":"var(--ast-global-color-5)","background-image":"","background-repeat":"repeat","background-position":"center center","background-size":"auto","background-attachment":"scroll","background-type":"","background-media":"","overlay-type":"","overlay-color":"","overlay-opacity":"","overlay-gradient":""},"mobile":{"background-color":"var(--ast-global-color-5)","background-image":"","background-repeat":"repeat","background-position":"center center","background-size":"auto","background-attachment":"scroll","background-type":"","background-media":"","overlay-type":"","overlay-color":"","overlay-opacity":"","overlay-gradient":""}},"footnotes":""},"class_list":["post-833","page","type-page","status-publish","hentry"],"jetpack_sharing_enabled":true,"_links":{"self":[{"href":"https:\/\/pardonegocios.com\/web\/wp-json\/wp\/v2\/pages\/833","targetHints":{"allow":["GET"]}}],"collection":[{"href":"https:\/\/pardonegocios.com\/web\/wp-json\/wp\/v2\/pages"}],"about":[{"href":"https:\/\/pardonegocios.com\/web\/wp-json\/wp\/v2\/types\/page"}],"author":[{"embeddable":true,"href":"https:\/\/pardonegocios.com\/web\/wp-json\/wp\/v2\/users\/2"}],"replies":[{"embeddable":true,"href":"https:\/\/pardonegocios.com\/web\/wp-json\/wp\/v2\/comments?post=833"}],"version-history":[{"count":3,"href":"https:\/\/pardonegocios.com\/web\/wp-json\/wp\/v2\/pages\/833\/revisions"}],"predecessor-version":[{"id":838,"href":"https:\/\/pardonegocios.com\/web\/wp-json\/wp\/v2\/pages\/833\/revisions\/838"}],"wp:attachment":[{"href":"https:\/\/pardonegocios.com\/web\/wp-json\/wp\/v2\/media?parent=833"}],"curies":[{"name":"wp","href":"https:\/\/api.w.org\/{rel}","templated":true}]}}